n factor of a and 8.
8
Let h = 72 - 22. Let b = -2265 - -2285. Calculate the highest common factor of h and b.
10
Suppose -2*v = 4*l - l + 8, -v + 18 = -4*l. Let z = l + 6. Let k be (-5456)/(-1584) - 8/18. What is the greatest common divisor of z and k?
1
Suppose -1614 - 636 = -30*m. Calculate the greatest common factor of 150 and m.
75
Let b = 128 - 20. Calculate the greatest common divisor of b and 156.
12
Let s = 20 + -9. Suppose 0 = 4*t - 111 + s. Calculate the highest common factor of t and 5.
5
Let j = -153 + 175. Calculate the greatest common divisor of 638 and j.
22
Suppose -200 = -2*c + b, 0 = b + 4. Calculate the greatest common divisor of c and 343.
49
Let k be 2/(12/5478)*(-2 - -4). What is the greatest common divisor of 22 and k?
22
Suppose -5*m - 49 = -2*a, 2*a - 14 = -5*m + 3*m. Let u = -1741 + 1753. What is the highest common divisor of a and u?
12
Let k = 48 + 53. Suppose -3*y - c + k = 0, 0*c - 3*c = -3*y + 93. What is the greatest common divisor of y and 3?
3
Let g = -530 - -531. Calculate the greatest common divisor of 3 and g.
1
Suppose 362 = -5*v - 293. Let l = 150 + v. Calculate the highest common factor of l and 38.
19
Suppose -475 = -2*t - n, 0 = 3*t + 7*n - 8*n - 725. What is the highest common factor of 40 and t?
40
Let l = -4169 - -8394. What is the greatest common divisor of l and 13?
13
Let r be -1*(-2 + (-5 - -4)). Let u(h) = 6*h**2 - 4*h + 3. Let t be u(r). What is the highest common divisor of t and 5?
5
Let r = -1011 + 1475. Calculate the highest common factor of 16 and r.
16
Suppose -40 = 2*d - 2*p - 304, 4*p = 3*d - 400. Let i(f) = f**2 - 8*f + 23. Let s be i(7). Calculate the greatest common factor of s and d.
16
Let g = -163 - -195. What is the greatest common divisor of 288 and g?
32
Suppose k - 3*k + 2 = -o, -2 = 4*o - 5*k. Suppose 6*j = 2*g + o*j - 92, 0 = 3*j + 15. Let c be 106/2 - 1/(-1). What is the greatest common factor of g and c?
18
Suppose 6*n + 9 = 3*n, 3*n = 4*o - 1129. What is the greatest common factor of 70 and o?
70
Suppose -6*z + 2*z + 5*w + 119 = 0, 5*w = z - 41. Calculate the greatest common divisor of 234 and z.
26
Suppose -18*j + 16 = -16*j. What is the highest common factor of 108 and j?
4
Let a = 7219 - 7203. Suppose -i = -0*i - 32. Calculate the greatest common factor of a and i.
16
Let z be (-98)/(-8) - (-1)/(-4). Suppose 6*u - 266 = -50. Calculate the greatest common divisor of u and z.
12
Suppose 46 = c + 121. Let j = -50 - c. Let m = 13 + -3. Calculate the greatest common factor of j and m.
5
Let u(d) = -4 + 13*d + 9*d - 20*d. Let l be u(3). Suppose 36 = 2*t + l*t. What is the highest common divisor of 3 and t?
3
Let n(r) = r**3 + 4*r**2 + r - 6. Let t be n(-3). Suppose t*s - 5*i = 3*s + 7, s - 3*i - 21 = 0. What is the greatest common divisor of 78 and s?
6
Let v be (-7 - 0)*5/(25/(-5)). Suppose v*w = 9 + 5. Calculate the greatest common divisor of w and 4.
2
Let m = 6 + 6. Suppose y - 710 = 6*y. Let l = -94 - y. What is the highest common divisor of m and l?
12
Let a = 3615 + -3592. Suppose 0 = 4*o - 1207 + 195. Calculate the highest common factor of o and a.
23
Let o be ((-69)/12 + 6)*12. Calculate the greatest common divisor of 24 and o.
3
Let t = 180 - 89. Calculate the highest common divisor of t and 13.
13
Let k be (-6)/((-12)/14) + (-5 - -4). What is the greatest common divisor of k and 42?
6
Let u = -24 + 27. Suppose -108 - 102 = -u*z - 4*g, -2*z + 2*g = -126. Calculate the highest common factor of 22 and z.
22
Let v(o) = 7*o - 3. Let x be v(2). Let f = -7 + x. Let q(d) = 2*d + 3. Let n be q(f). Calculate the greatest common factor of 55 and n.
11
Let l be (((-136)/6)/(-4))/(1/24). What is the greatest common factor of 51 and l?
17
Suppose -i = -2*i + 4*a + 659, -3*i + a = -1988. Calculate the greatest common factor of i and 39.
39
Let x(t) be the second derivative of -2*t + 0 - 7/10*t**5 + 1/12*t**4 + 0*t**2 + 1/6*t**3. Let j be x(-1). What is the highest common factor of j and 70?
14
Suppose 3 = x - 2*m - m, -3*x + m = -17. Let b(f) = -17*f - 2. Let u be b(-4). What is the highest common divisor of u and x?
6
Let g be (-715)/(-3) - (0 + 4/12). Suppose 11*p - 2006 = g. What is the greatest common divisor of p and 51?
51
Let g be -3*((-522)/81)/(4/6). Suppose 3*y - 52 - 11 = 0. Let z = g + y. Calculate the greatest common factor of 20 and z.
10
Let y(h) be the third derivative of h**6/120 - h**5/12 - h**4/8 - 4*h**3/3 + 15*h**2. Let z be y(6). What is the greatest common factor of z and 2?
2
Suppose -2*f = -6*s + 3*s - 27, 4*s = 20. What is the highest common factor of f and 525?
21
Let j(m) = -7*m - 30. Let k be j(-6). Let r = k + -9. Let c(q) = 4*q**2 - 4*q. Let l be c(3). Calculate the highest common factor of l and r.
3
Suppose 3250 = -4*g + 54*g. Let j = -9 + 28. Let y = j - -7. Calculate the highest common divisor of y and g.
13
Suppose -a = -4 - 3. Let p(f) be the first derivative of f**3/3 + 5*f**2/2 + 8*f - 2. Let z be p(-6). What is the highest common divisor of z and a?
7
Suppose -35 = -5*k + 40. Let v be ((-12)/k)/(4/(-2350)). Calculate the highest common divisor of 47 and v.
47
Let p(r) = 2*r - 12*r**2 - 6 + 15 + r**3 - 3*r + 4*r. Let l be p(12). What is the greatest common factor of 30 and l?
15
Suppose -r - 444 + 135 = -4*p, -5*p + 375 = r. What is the greatest common divisor of 57 and p?
19
Suppose 0 = 61*s + 33*s - 376. Calculate the greatest common factor of s and 386.
2
Let j be 18/((-24)/168 + 50/252). Calculate the highest common divisor of j and 48.
12
Let p(x) = 2*x - 6. Let l be p(6). Let j be (-6)/4*(4 - 14). What is the greatest common factor of l and j?
3
Let j = 274 + -238. Calculate the greatest common divisor of j and 28.
4
Let w = -3066 - -3308. Suppose -59 - 51 = -5*a. What is the greatest common factor of a and w?
22
Suppose 0*b - 2*b - 3*p = -20, 0 = p + 2. What is the highest common divisor of 169 and b?
13
Let p = -159 + 167. Let j = 155 - -17. Let g = -100 + j. What is the greatest common factor of g and p?
8
Suppose -2*m + 7 = -1. Suppose -m*q - 78 + 30 = 0. Let x = q + 24. Calculate the highest common divisor of x and 6.
6
Let h be (5/(-5))/((-2)/(-2)). Let m be (0 - h)/(2 - 3). Let v be m*2 + (-57)/(-1). Calculate the greatest common divisor of 11 and v.
11
Suppose -2*g + 106 = -74. Suppose -5*d + 6*d + 4*d = 0. Suppose c + d*c = 10. Calculate the highest common factor of g and c.
10
Let x = 467 + -447. Suppose r = 3*o + 2*o + 20, 5*o = -r. Calculate the highest common factor of r and x.
10
Let j(h) = -14*h - 2. Let z be j(1). Let x = 18 + z. Suppose -c - 4*r + 18 = 0, -3*c - x*r = -2*c - 26. What is the highest common divisor of c and 85?
17
Let z = -90 + 156. Suppose -5*j - 2*w + z = w, 2*j - 21 = -3*w. Calculate the highest common divisor of j and 20.
5
Suppose -2*f - 2*f + 240 = 2*i, 3*f - i - 180 = 0. Let w(t) = 2991*t + 3011. Let v be w(-1). Calculate the highest common factor of v and f.
20
Let m be 77/28 + ((-1)/4)/(-1). Calculate the highest common factor of 36 and m.
3
Suppose -3*j + 8*j - 10 = 0. Suppose 15 + 5 = j*h. Calculate the highest common divisor of h and 60.
10
Suppose -y = 5*o - 683, 0 = -y + 12 - 9. What is the greatest common divisor of o and 88?
8
Suppose 0*p - 3*p - 30 = 0. Let b be (-4)/p + (-16)/(-10). Suppose 3*h - 2*h = b. Calculate the greatest common factor of h and 2.
2
Let f(g) = g + 13. Let q be f(-11). Suppose t - 2 = -0. Let u = t + 8. Calculate the highest common factor of q and u.
2
Let k = 171 + -81. Let o(f) = -f**3 - 27*f**2 - 52*f - 32. Let h be o(-25). Calculate the greatest common factor of k and h.
18
Let s = -12 + -10. Let k be s/121 - (-178)/11. Let c be 3/9 - (-284)/12. Calculate the highest common divisor of k and c.
8
Let t(k) = -k**3 - 33*k**2 - 62*k + 39. Let q be t(-31). What is the greatest common factor of 429 and q?
39
Suppose v + 4*m = -4, 0 = -2*v - 3*m - 4 + 1. Suppose -2*y - y + 2*w + 161 = v, -4*y + 213 = -3*w. Calculate the highest common factor of 19 and y.
19
Let a(k) = 2*k**2 - 53*k - 330. Let h be a(-6). Let q be 1/(3/210) - -2. Let z be ((-2)/4)/((-3)/q). Calculate the greatest common factor of h and z.
12
Let x be (-1021)/(-3) - (-1)/(-3). Let z = x - 172. Suppose -6*f + 3*f = -z. What is the highest common factor of 8 and f?
8
Let x be ((162/4)/(-1))/((-193